{"id":381,"date":"2021-04-28T11:06:50","date_gmt":"2021-04-28T11:06:50","guid":{"rendered":"https:\/\/bridge430.qodeinteractive.com\/?page_id=3"},"modified":"2024-11-11T16:07:42","modified_gmt":"2024-11-11T16:07:42","slug":"impressum","status":"publish","type":"page","link":"https:\/\/wp.yogamitfreude.de\/?page_id=381","title":{"rendered":"Impressum"},"content":{"rendered":"\n<h4 class=\"wp-block-heading\">Impressum<\/h4>\n\n\n\n<div style=\"height:40px\" aria-hidden=\"true\" class=\"wp-block-spacer\"><\/div>\n\n\n\n<p>Stefanie Rickert<br>Yoga mit Freude<br>St.-Laurentius-Str. 1D<br>36163 Poppenhausen<\/p>\n\n\n\n<div style=\"height:40px\" aria-hidden=\"true\" class=\"wp-block-spacer\"><\/div>\n\n\n\n<h6 class=\"wp-block-heading\">Kontakt<\/h6>\n\n\n\n<p>Telefon: 06658-918949<br>E-Mail: stefanie@yogamitfreude.de<\/p>\n\n\n\n<div style=\"height:40px\" aria-hidden=\"true\" class=\"wp-block-spacer\"><\/div>\n\n\n\n<p><\/p>\n\n\n\n<h6 class=\"wp-block-heading\">EU-Streitschlichtung<\/h6>\n\n\n\n<p>Die Europ\u00e4ische Kommission stellt eine Plattform zur Online-Streitbeilegung (OS) bereit: <a href=\"https:\/\/ec.europa.eu\/consumers\/odr\/\" target=\"_blank\" rel=\"noreferrer noopener\">https:\/\/ec.europa.eu\/consumers\/odr\/<\/a>.<br>Unsere E-Mail-Adresse finden Sie oben im Impressum.<\/p>\n\n\n\n<div style=\"height:40px\" aria-hidden=\"true\" class=\"wp-block-spacer\"><\/div>\n\n\n\n<p><\/p>\n\n\n\n<h6 class=\"wp-block-heading\">Verbraucher\u00adstreit\u00adbeilegung\/Universal\u00adschlichtungs\u00adstelle<\/h6>\n\n\n\n<p>Wir sind nicht bereit oder verpflichtet, an Streitbeilegungsverfahren vor einer Verbraucherschlichtungsstelle teilzunehmen.<\/p>\n\n\n\n<p>Quelle: <a href=\"https:\/\/www.e-recht24.de\">eRecht24<\/a><\/p>\n\n\n\n<div style=\"height:40px\" aria-hidden=\"true\" class=\"wp-block-spacer\"><\/div>\n\n\n\n<p><\/p>\n\n\n\n<p><\/p>\n","protected":false},"excerpt":{"rendered":"<p>Impressum Stefanie RickertYoga mit FreudeSt.-Laurentius-Str. 1D36163 Poppenhausen Kontakt Telefon: 06658-918949E-Mail: stefanie@yogamitfreude.de EU-Streitschlichtung Die Europ\u00e4ische Kommission stellt eine Plattform zur Online-Streitbeilegung (OS) bereit: https:\/\/ec.europa.eu\/consumers\/odr\/.Unsere E-Mail-Adresse finden Sie oben im Impressum. Verbraucher\u00adstreit\u00adbeilegung\/Universal\u00adschlichtungs\u00adstelle Wir sind nicht bereit oder verpflichtet, an Streitbeilegungsverfahren vor einer Verbraucherschlichtungsstelle teilzunehmen. Quelle: eRecht24<\/p>\n","protected":false},"author":1,"featured_media":512,"parent":0,"menu_order":0,"comment_status":"closed","ping_status":"closed","template":"","meta":{"footnotes":""},"class_list":["post-381","page","type-page","status-publish","has-post-thumbnail","hentry"],"yoast_head":"<!-- This site is optimized with the Yoast SEO plugin v27.1.1 - https:\/\/yoast.com\/product\/yoast-seo-wordpress\/ -->\n<title>Impressum - Yoga mit Freude<\/title>\n<meta name=\"description\" content=\"Yoga mit Freude bietet ma\u00dfgeschneiderte Yogastunden f\u00fcr Anf\u00e4nger und Fortgeschrittene basierend auf der Krishnamacharya\/Desikachar Tradition.\" \/>\n<meta name=\"robots\" content=\"index, follow, max-snippet:-1, max-image-preview:large, max-video-preview:-1\" \/>\n<link rel=\"canonical\" href=\"https:\/\/wp.yogamitfreude.de\/?page_id=381\" \/>\n<meta property=\"og:locale\" content=\"de_DE\" \/>\n<meta property=\"og:type\" content=\"article\" \/>\n<meta property=\"og:title\" content=\"Impressum - Yoga mit Freude\" \/>\n<meta property=\"og:description\" content=\"Yoga mit Freude bietet ma\u00dfgeschneiderte Yogastunden f\u00fcr Anf\u00e4nger und Fortgeschrittene basierend auf der Krishnamacharya\/Desikachar Tradition.\" \/>\n<meta property=\"og:url\" content=\"https:\/\/wp.yogamitfreude.de\/?page_id=381\" \/>\n<meta property=\"og:site_name\" content=\"Yoga mit Freude\" \/>\n<meta property=\"article:modified_time\" content=\"2024-11-11T16:07:42+00:00\" \/>\n<meta property=\"og:image\" content=\"https:\/\/wp.yogamitfreude.de\/wp-content\/uploads\/2024\/10\/rickert-yoga_Logo-web.png\" \/>\n\t<meta property=\"og:image:width\" content=\"638\" \/>\n\t<meta property=\"og:image:height\" content=\"638\" \/>\n\t<meta property=\"og:image:type\" content=\"image\/png\" \/>\n<meta name=\"twitter:card\" content=\"summary_large_image\" \/>\n<meta name=\"twitter:label1\" content=\"Gesch\u00e4tzte Lesezeit\" \/>\n\t<meta name=\"twitter:data1\" content=\"1\u00a0Minute\" \/>\n<script type=\"application\/ld+json\" class=\"yoast-schema-graph\">{\"@context\":\"https:\/\/schema.org\",\"@graph\":[{\"@type\":\"WebPage\",\"@id\":\"https:\/\/wp.yogamitfreude.de\/?page_id=381\",\"url\":\"https:\/\/wp.yogamitfreude.de\/?page_id=381\",\"name\":\"Impressum - Yoga mit Freude\",\"isPartOf\":{\"@id\":\"https:\/\/wp.yogamitfreude.de\/#website\"},\"primaryImageOfPage\":{\"@id\":\"https:\/\/wp.yogamitfreude.de\/?page_id=381#primaryimage\"},\"image\":{\"@id\":\"https:\/\/wp.yogamitfreude.de\/?page_id=381#primaryimage\"},\"thumbnailUrl\":\"https:\/\/wp.yogamitfreude.de\/wp-content\/uploads\/2024\/10\/rickert-yoga_Logo-web.png\",\"datePublished\":\"2021-04-28T11:06:50+00:00\",\"dateModified\":\"2024-11-11T16:07:42+00:00\",\"description\":\"Yoga mit Freude bietet ma\u00dfgeschneiderte Yogastunden f\u00fcr Anf\u00e4nger und Fortgeschrittene basierend auf der Krishnamacharya\/Desikachar Tradition.\",\"breadcrumb\":{\"@id\":\"https:\/\/wp.yogamitfreude.de\/?page_id=381#breadcrumb\"},\"inLanguage\":\"de\",\"potentialAction\":[{\"@type\":\"ReadAction\",\"target\":[\"https:\/\/wp.yogamitfreude.de\/?page_id=381\"]}]},{\"@type\":\"ImageObject\",\"inLanguage\":\"de\",\"@id\":\"https:\/\/wp.yogamitfreude.de\/?page_id=381#primaryimage\",\"url\":\"https:\/\/wp.yogamitfreude.de\/wp-content\/uploads\/2024\/10\/rickert-yoga_Logo-web.png\",\"contentUrl\":\"https:\/\/wp.yogamitfreude.de\/wp-content\/uploads\/2024\/10\/rickert-yoga_Logo-web.png\",\"width\":638,\"height\":638,\"caption\":\"Stefanie Rickert Yoga - Logo rund mit transparentem Hintergrund\"},{\"@type\":\"BreadcrumbList\",\"@id\":\"https:\/\/wp.yogamitfreude.de\/?page_id=381#breadcrumb\",\"itemListElement\":[{\"@type\":\"ListItem\",\"position\":1,\"name\":\"Home\",\"item\":\"https:\/\/wp.yogamitfreude.de\/\"},{\"@type\":\"ListItem\",\"position\":2,\"name\":\"Impressum\"}]},{\"@type\":\"WebSite\",\"@id\":\"https:\/\/wp.yogamitfreude.de\/#website\",\"url\":\"https:\/\/wp.yogamitfreude.de\/\",\"name\":\"Yoga mit Freude\",\"description\":\"Willkommen\",\"publisher\":{\"@id\":\"https:\/\/wp.yogamitfreude.de\/#organization\"},\"potentialAction\":[{\"@type\":\"SearchAction\",\"target\":{\"@type\":\"EntryPoint\",\"urlTemplate\":\"https:\/\/wp.yogamitfreude.de\/?s={search_term_string}\"},\"query-input\":{\"@type\":\"PropertyValueSpecification\",\"valueRequired\":true,\"valueName\":\"search_term_string\"}}],\"inLanguage\":\"de\"},{\"@type\":\"Organization\",\"@id\":\"https:\/\/wp.yogamitfreude.de\/#organization\",\"name\":\"Stefanie Rickert\",\"url\":\"https:\/\/wp.yogamitfreude.de\/\",\"logo\":{\"@type\":\"ImageObject\",\"inLanguage\":\"de\",\"@id\":\"https:\/\/wp.yogamitfreude.de\/#\/schema\/logo\/image\/\",\"url\":\"https:\/\/wp.yogamitfreude.de\/wp-content\/uploads\/2024\/10\/rickert-yoga_Logo-web.png\",\"contentUrl\":\"https:\/\/wp.yogamitfreude.de\/wp-content\/uploads\/2024\/10\/rickert-yoga_Logo-web.png\",\"width\":638,\"height\":638,\"caption\":\"Stefanie Rickert\"},\"image\":{\"@id\":\"https:\/\/wp.yogamitfreude.de\/#\/schema\/logo\/image\/\"},\"sameAs\":[\"https:\/\/www.instagram.com\/stefanie.rickert.yoga\"]}]}<\/script>\n<!-- \/ Yoast SEO plugin. -->","yoast_head_json":{"title":"Impressum - Yoga mit Freude","description":"Yoga mit Freude bietet ma\u00dfgeschneiderte Yogastunden f\u00fcr Anf\u00e4nger und Fortgeschrittene basierend auf der Krishnamacharya\/Desikachar Tradition.","robots":{"index":"index","follow":"follow","max-snippet":"max-snippet:-1","max-image-preview":"max-image-preview:large","max-video-preview":"max-video-preview:-1"},"canonical":"https:\/\/wp.yogamitfreude.de\/?page_id=381","og_locale":"de_DE","og_type":"article","og_title":"Impressum - Yoga mit Freude","og_description":"Yoga mit Freude bietet ma\u00dfgeschneiderte Yogastunden f\u00fcr Anf\u00e4nger und Fortgeschrittene basierend auf der Krishnamacharya\/Desikachar Tradition.","og_url":"https:\/\/wp.yogamitfreude.de\/?page_id=381","og_site_name":"Yoga mit Freude","article_modified_time":"2024-11-11T16:07:42+00:00","og_image":[{"width":638,"height":638,"url":"https:\/\/wp.yogamitfreude.de\/wp-content\/uploads\/2024\/10\/rickert-yoga_Logo-web.png","type":"image\/png"}],"twitter_card":"summary_large_image","twitter_misc":{"Gesch\u00e4tzte Lesezeit":"1\u00a0Minute"},"schema":{"@context":"https:\/\/schema.org","@graph":[{"@type":"WebPage","@id":"https:\/\/wp.yogamitfreude.de\/?page_id=381","url":"https:\/\/wp.yogamitfreude.de\/?page_id=381","name":"Impressum - Yoga mit Freude","isPartOf":{"@id":"https:\/\/wp.yogamitfreude.de\/#website"},"primaryImageOfPage":{"@id":"https:\/\/wp.yogamitfreude.de\/?page_id=381#primaryimage"},"image":{"@id":"https:\/\/wp.yogamitfreude.de\/?page_id=381#primaryimage"},"thumbnailUrl":"https:\/\/wp.yogamitfreude.de\/wp-content\/uploads\/2024\/10\/rickert-yoga_Logo-web.png","datePublished":"2021-04-28T11:06:50+00:00","dateModified":"2024-11-11T16:07:42+00:00","description":"Yoga mit Freude bietet ma\u00dfgeschneiderte Yogastunden f\u00fcr Anf\u00e4nger und Fortgeschrittene basierend auf der Krishnamacharya\/Desikachar Tradition.","breadcrumb":{"@id":"https:\/\/wp.yogamitfreude.de\/?page_id=381#breadcrumb"},"inLanguage":"de","potentialAction":[{"@type":"ReadAction","target":["https:\/\/wp.yogamitfreude.de\/?page_id=381"]}]},{"@type":"ImageObject","inLanguage":"de","@id":"https:\/\/wp.yogamitfreude.de\/?page_id=381#primaryimage","url":"https:\/\/wp.yogamitfreude.de\/wp-content\/uploads\/2024\/10\/rickert-yoga_Logo-web.png","contentUrl":"https:\/\/wp.yogamitfreude.de\/wp-content\/uploads\/2024\/10\/rickert-yoga_Logo-web.png","width":638,"height":638,"caption":"Stefanie Rickert Yoga - Logo rund mit transparentem Hintergrund"},{"@type":"BreadcrumbList","@id":"https:\/\/wp.yogamitfreude.de\/?page_id=381#breadcrumb","itemListElement":[{"@type":"ListItem","position":1,"name":"Home","item":"https:\/\/wp.yogamitfreude.de\/"},{"@type":"ListItem","position":2,"name":"Impressum"}]},{"@type":"WebSite","@id":"https:\/\/wp.yogamitfreude.de\/#website","url":"https:\/\/wp.yogamitfreude.de\/","name":"Yoga mit Freude","description":"Willkommen","publisher":{"@id":"https:\/\/wp.yogamitfreude.de\/#organization"},"potentialAction":[{"@type":"SearchAction","target":{"@type":"EntryPoint","urlTemplate":"https:\/\/wp.yogamitfreude.de\/?s={search_term_string}"},"query-input":{"@type":"PropertyValueSpecification","valueRequired":true,"valueName":"search_term_string"}}],"inLanguage":"de"},{"@type":"Organization","@id":"https:\/\/wp.yogamitfreude.de\/#organization","name":"Stefanie Rickert","url":"https:\/\/wp.yogamitfreude.de\/","logo":{"@type":"ImageObject","inLanguage":"de","@id":"https:\/\/wp.yogamitfreude.de\/#\/schema\/logo\/image\/","url":"https:\/\/wp.yogamitfreude.de\/wp-content\/uploads\/2024\/10\/rickert-yoga_Logo-web.png","contentUrl":"https:\/\/wp.yogamitfreude.de\/wp-content\/uploads\/2024\/10\/rickert-yoga_Logo-web.png","width":638,"height":638,"caption":"Stefanie Rickert"},"image":{"@id":"https:\/\/wp.yogamitfreude.de\/#\/schema\/logo\/image\/"},"sameAs":["https:\/\/www.instagram.com\/stefanie.rickert.yoga"]}]}},"_links":{"self":[{"href":"https:\/\/wp.yogamitfreude.de\/index.php?rest_route=\/wp\/v2\/pages\/381","targetHints":{"allow":["GET"]}}],"collection":[{"href":"https:\/\/wp.yogamitfreude.de\/index.php?rest_route=\/wp\/v2\/pages"}],"about":[{"href":"https:\/\/wp.yogamitfreude.de\/index.php?rest_route=\/wp\/v2\/types\/page"}],"author":[{"embeddable":true,"href":"https:\/\/wp.yogamitfreude.de\/index.php?rest_route=\/wp\/v2\/users\/1"}],"replies":[{"embeddable":true,"href":"https:\/\/wp.yogamitfreude.de\/index.php?rest_route=%2Fwp%2Fv2%2Fcomments&post=381"}],"version-history":[{"count":8,"href":"https:\/\/wp.yogamitfreude.de\/index.php?rest_route=\/wp\/v2\/pages\/381\/revisions"}],"predecessor-version":[{"id":579,"href":"https:\/\/wp.yogamitfreude.de\/index.php?rest_route=\/wp\/v2\/pages\/381\/revisions\/579"}],"wp:featuredmedia":[{"embeddable":true,"href":"https:\/\/wp.yogamitfreude.de\/index.php?rest_route=\/wp\/v2\/media\/512"}],"wp:attachment":[{"href":"https:\/\/wp.yogamitfreude.de\/index.php?rest_route=%2Fwp%2Fv2%2Fmedia&parent=381"}],"curies":[{"name":"wp","href":"https:\/\/api.w.org\/{rel}","templated":true}]}}

<h4 class="wp-block-heading">Impressum</h4>



<div style="height:40px" aria-hidden="true" class="wp-block-spacer"></div>



<p>Stefanie Rickert<br>Yoga mit Freude<br>St.-Laurentius-Str. 1D<br>36163 Poppenhausen</p>



<div style="height:40px" aria-hidden="true" class="wp-block-spacer"></div>



<h6 class="wp-block-heading">Kontakt</h6>



<p>Telefon: 06658-918949<br>E-Mail: stefanie@yogamitfreude.de</p>



<div style="height:40px" aria-hidden="true" class="wp-block-spacer"></div>



<p></p>



<h6 class="wp-block-heading">EU-Streitschlichtung</h6>



<p>Die Europäische Kommission stellt eine Plattform zur Online-Streitbeilegung (OS) bereit: <a href="https://ec.europa.eu/consumers/odr/" target="_blank" rel="noreferrer noopener">https://ec.europa.eu/consumers/odr/</a>.<br>Unsere E-Mail-Adresse finden Sie oben im Impressum.</p>



<div style="height:40px" aria-hidden="true" class="wp-block-spacer"></div>



<p></p>



<h6 class="wp-block-heading">Verbraucher­streit­beilegung/Universal­schlichtungs­stelle</h6>



<p>Wir sind nicht bereit oder verpflichtet, an Streitbeilegungsverfahren vor einer Verbraucherschlichtungsstelle teilzunehmen.</p>



<p>Quelle: <a href="https://www.e-recht24.de">eRecht24</a></p>



<div style="height:40px" aria-hidden="true" class="wp-block-spacer"></div>



<p></p>



<p></p>

<p>Impressum Stefanie RickertYoga mit FreudeSt.-Laurentius-Str. 1D36163 Poppenhausen Kontakt Telefon: 06658-918949E-Mail: stefanie@yogamitfreude.de EU-Streitschlichtung Die Europäische Kommission stellt eine Plattform zur Online-Streitbeilegung (OS) bereit: https://ec.europa.eu/consumers/odr/.Unsere E-Mail-Adresse finden Sie oben im Impressum. Verbraucher­streit­beilegung/Universal­schlichtungs­stelle Wir sind nicht bereit oder verpflichtet, an Streitbeilegungsverfahren vor einer Verbraucherschlichtungsstelle teilzunehmen. Quelle: eRecht24</p>

<!-- This site is optimized with the Yoast SEO plugin v27.1.1 - https://yoast.com/product/yoast-seo-wordpress/ -->
<title>Impressum - Yoga mit Freude</title>
<meta name="description" content="Yoga mit Freude bietet maßgeschneiderte Yogastunden für Anfänger und Fortgeschrittene basierend auf der Krishnamacharya/Desikachar Tradition." />
<meta name="robots" content="index, follow, max-snippet:-1, max-image-preview:large, max-video-preview:-1" />
<link rel="canonical" href="https://wp.yogamitfreude.de/?page_id=381" />
<meta property="og:locale" content="de_DE" />
<meta property="og:type" content="article" />
<meta property="og:title" content="Impressum - Yoga mit Freude" />
<meta property="og:description" content="Yoga mit Freude bietet maßgeschneiderte Yogastunden für Anfänger und Fortgeschrittene basierend auf der Krishnamacharya/Desikachar Tradition." />
<meta property="og:url" content="https://wp.yogamitfreude.de/?page_id=381" />
<meta property="og:site_name" content="Yoga mit Freude" />
<meta property="article:modified_time" content="2024-11-11T16:07:42+00:00" />
<meta property="og:image" content="https://wp.yogamitfreude.de/wp-content/uploads/2024/10/rickert-yoga_Logo-web.png" />
	<meta property="og:image:width" content="638" />
	<meta property="og:image:height" content="638" />
	<meta property="og:image:type" content="image/png" />
<meta name="twitter:card" content="summary_large_image" />
<meta name="twitter:label1" content="Geschätzte Lesezeit" />
	<meta name="twitter:data1" content="1 Minute" />
<script type="application/ld+json" class="yoast-schema-graph">{"@context":"https://schema.org","@graph":[{"@type":"WebPage","@id":"https://wp.yogamitfreude.de/?page_id=381","url":"https://wp.yogamitfreude.de/?page_id=381","name":"Impressum - Yoga mit Freude","isPartOf":{"@id":"https://wp.yogamitfreude.de/#website"},"primaryImageOfPage":{"@id":"https://wp.yogamitfreude.de/?page_id=381#primaryimage"},"image":{"@id":"https://wp.yogamitfreude.de/?page_id=381#primaryimage"},"thumbnailUrl":"https://wp.yogamitfreude.de/wp-content/uploads/2024/10/rickert-yoga_Logo-web.png","datePublished":"2021-04-28T11:06:50+00:00","dateModified":"2024-11-11T16:07:42+00:00","description":"Yoga mit Freude bietet maßgeschneiderte Yogastunden für Anfänger und Fortgeschrittene basierend auf der Krishnamacharya/Desikachar Tradition.","breadcrumb":{"@id":"https://wp.yogamitfreude.de/?page_id=381#breadcrumb"},"inLanguage":"de","potentialAction":[{"@type":"ReadAction","target":["https://wp.yogamitfreude.de/?page_id=381"]}]},{"@type":"ImageObject","inLanguage":"de","@id":"https://wp.yogamitfreude.de/?page_id=381#primaryimage","url":"https://wp.yogamitfreude.de/wp-content/uploads/2024/10/rickert-yoga_Logo-web.png","contentUrl":"https://wp.yogamitfreude.de/wp-content/uploads/2024/10/rickert-yoga_Logo-web.png","width":638,"height":638,"caption":"Stefanie Rickert Yoga - Logo rund mit transparentem Hintergrund"},{"@type":"BreadcrumbList","@id":"https://wp.yogamitfreude.de/?page_id=381#breadcrumb","itemListElement":[{"@type":"ListItem","position":1,"name":"Home","item":"https://wp.yogamitfreude.de/"},{"@type":"ListItem","position":2,"name":"Impressum"}]},{"@type":"WebSite","@id":"https://wp.yogamitfreude.de/#website","url":"https://wp.yogamitfreude.de/","name":"Yoga mit Freude","description":"Willkommen","publisher":{"@id":"https://wp.yogamitfreude.de/#organization"},"potentialAction":[{"@type":"SearchAction","target":{"@type":"EntryPoint","urlTemplate":"https://wp.yogamitfreude.de/?s={search_term_string}"},"query-input":{"@type":"PropertyValueSpecification","valueRequired":true,"valueName":"search_term_string"}}],"inLanguage":"de"},{"@type":"Organization","@id":"https://wp.yogamitfreude.de/#organization","name":"Stefanie Rickert","url":"https://wp.yogamitfreude.de/","logo":{"@type":"ImageObject","inLanguage":"de","@id":"https://wp.yogamitfreude.de/#/schema/logo/image/","url":"https://wp.yogamitfreude.de/wp-content/uploads/2024/10/rickert-yoga_Logo-web.png","contentUrl":"https://wp.yogamitfreude.de/wp-content/uploads/2024/10/rickert-yoga_Logo-web.png","width":638,"height":638,"caption":"Stefanie Rickert"},"image":{"@id":"https://wp.yogamitfreude.de/#/schema/logo/image/"},"sameAs":["https://www.instagram.com/stefanie.rickert.yoga"]}]}</script>
<!-- / Yoast SEO plugin. -->

Yoga mit Freude bietet maßgeschneiderte Yogastunden für Anfänger und Fortgeschrittene basierend auf der Krishnamacharya/Desikachar Tradition.
